+ (-3577)/(-56) + 5?
63
Let i = 38 - 35. Calculate the remainder when (-10 - -1)/(1/(-1)) is divided by i.
0
Let o(k) = k**3 - 6*k**2 + 3*k + 5. Let n be o(5). Let f(a) = -14*a. Calculate the remainder when f(n) is divided by 24.
22
Suppose -3*h = -2*u + 31, 4*u - 3*h - 40 = 7. Let p = -5 - -10. Let o = 18 + p. What is the remainder when o is divided by u?
7
Let c(q) = -q + 15. What is the remainder when 66 is divided by c(1)?
10
Let l = 16 + 5. What is the remainder when 39 is divided by l?
18
Let l = 4 - 2. Let w = 0 - -2. Suppose -50 = -w*d + 2*u + l*u, -3*d - 5*u = -42. Calculate the remainder when d is divided by 10.
9
Let y(x) = -x + 6. Let k be y(6). Suppose k = -q - 2*q + 147. Calculate the remainder when q is divided by 17.
15
Let f(d) = 5*d + 13. Calculate the remainder when f(9) is divided by 20.
18
Let m = 59 - 42. Let n(s) = s**3 + 3*s**2 - 4*s + 4. Calculate the remainder when m is divided by n(-4).
1
Suppose 0*z = -2*z + 44. What is the remainder when z is divided by 12?
10
Suppose 0 = -2*n + 23 + 5. Calculate the remainder when 40 is divided by n.
12
Suppose -2*d = -6, 3*l - 6*d + 8*d = 60. What is the remainder when 68 is divided by l?
14
Let h(f) = 9*f. Suppose 0 = 8*c - 11*c + 45. Calculate the remainder when c is divided by h(1).
6
Let y(j) = -j - 13. Let k be y(-10). Let p = 5 + k. What is the remainder when 19 is divided by 42/6 + p + 1?
9
Let s = -1 + 12. Let r = -22 + 43. Calculate the remainder when r is divided by s.
10
Suppose -4 = f - 0. Calculate the remainder when 18 is divided by (-114)/(-18) - f/6.
4
Let n be 3/6*(-1050)/(-3). Suppose -h - 4*h = -n. Calculate the remainder when h is divided by 12.
11
Let c = -7 - -11. Suppose 2*g - 20 = c*g. Let f = g + 20. What is the remainder when 29 is divided by f?
9
Let t = 50 + -16. Calculate the remainder when t is divided by 13.
8
Let p = -7 - -8. Let i be -9*p + 0 + 3. Calculate the remainder when ((-2)/i)/((-2)/(-258)) is divided by 15.
13
Suppose 5*u = -4*s + 79, 4*s + 34 - 101 = -u. Calculate the remainder when 58 is divided by s.
10
Calculate the remainder when 44 is divided by (0 - 0) + -12 + 27.
14
Let z be 1 + (2 - (2 + -3)). Let f = 5 - z. Suppose -2*y + 4*b = -6*y + 16, 2*y - 17 = -5*b. Calculate the remainder when f is divided by y.
0
Suppose -4*n = -2*n - 2*m + 2, 3*n - m = -3. What is the remainder when 3 - (-47 - n)*1 is divided by 17?
15
Suppose 3*g - 6*g + 39 = 0. Let w(m) = m - g*m + 0*m + 0*m - m**2 + 14. What is the remainder when w(-12) is divided by 8?
6
Calculate the remainder when (2 - (1 + 0))*(23 + 24) is divided by 25.
22
Suppose -3*b = -152 - 166. Calculate the remainder when b is divided by 1 + -13*(-6 - 0 - -4).
25
Suppose -99 = -5*c + 211. What is the remainder when c is divided by 9?
8
Let z = -41 + 26. Let x be (-1 - -4)/(z/(-10)). Suppose -1 + 9 = x*y. What is the remainder when 7 is divided by y?
3
Let j(q) = -q**3 + 8*q**2 - 7*q - 10. Let p be j(7). Let w(y) = -2*y - 13. Let k be w(p). Let a = k + -3. What is the remainder when 11 is divided by a?
3
Let f = 110 - 96. Calculate the remainder when 79 is divided by f.
9
Let z(k) = k**2 + 5*k + 2. Let b be z(-5). Suppose -b*s = -5*m - 61, 4*m + 37 - 2 = s. What is the remainder when s is divided by 5?
3
Let m = 30 + -17. Calculate the remainder when 48 is divided by m.
9
Suppose 19 = m - 16. Let x(l) = -l + 12. Calculate the remainder when m is divided by x(0).
11
Let s(h) = 2*h**2 + 22*h + 23. Calculate the remainder when s(-11) is divided by 5.
3
Let x be 195/12 - (-1)/(-4). Let c be 8/2*x/4. Suppose 46 - c = 3*s. What is the remainder when 28 is divided by s?
8
Let s = -128 - -181. Calculate the remainder when s is divided by ((-4)/6)/((-1)/27).
17
Let o = -3 + 5. What is the remainder when o + 20 - (0 - 2) is divided by (-1)/3 - 120/(-9)?
11
Suppose -4*l = -10 - 46. Let b(y) = 8*y - 7. What is the remainder when b(6) is divided by l?
13
Let q(p) = -p**3 - 5*p**2 + 5*p + 1. Calculate the remainder when 26 is divided by q(-6).
5
Suppose 2*o + p = -3*p + 30, -4*p = -o + 15. What is the remainder when 43 is divided by o?
13
Let u = 62 - 56. What is the remainder when 17 is divided by u?
5
Let u(c) = 4*c - 1. Suppose 4*h - 12 = -0*h. Let b = 57 + -37. What is the remainder when b is divided by u(h)?
9
Suppose 5*u - 5 = 2*c + 4, -2*u = 3*c - 15. Suppose u*b - 1 = 5. What is the remainder when 7 is divided by b?
1
Let z(o) = o**2 + 4*o - 1. Let c be z(-4). Let d = 40 + -19. What is the remainder when d is divided by (c + 1*-10)/(-1)?
10
Suppose -4*j + i + 64 = -3*i, 2*i = 5*j - 80. What is the remainder when j is divided by 12?
4
Let h = 285 - 267. Calculate the remainder when (3/2*22)/1 is divided by h.
15
Suppose -40 = -14*k + 10*k. What is the remainder when 17 is divided by k?
7
Let d = -90 + 192. Calculate the remainder when d is divided by 26.
24
Calculate the remainder when 13 is divided by ((-28)/(-42))/(2/24).
5
Suppose 6*t - 20 = t. Suppose -5*s + t = -j - 3*s, -3*s = -9. Suppose 0 = -4*x - 5*o + 172, -j*o = -x + 28 + 2. What is the remainder when x is divided by 20?
18
Suppose 3*i - 12 = i. Let r = 19 + i. Calculate the remainder when 98 is divided by r.
23
Let g(m) = -m**3 + 5*m**2 + 4*m - 3. What is the remainder when g(3) is divided by 10?
7
Suppose -7 = -5*a + 23. Let w = a + -8. What is the remainder when ((-26)/(-5))/(w/(-10)) is divided by 9?
8
Let s(i) = -2*i - 1. Let z be s(-1). Let j be z - 5/((-15)/6). Suppose -114 = -j*u - 0*u. Calculate the remainder when u is divided by 13.
12
Let q(c) = -c**3 - 3*c**2 - 2*c - 4. Let a be q(-4). Let p = -7 + a. Calculate the remainder when 51 is divided by p.
12
Suppose -5*p + 40 = -35. Suppose 0 = m - 4*m - 255. What is the remainder when (m + 2 + -3)/(-2) is divided by p?
13
Let j = -1 - -1. Let q = -31 - -38. What is the remainder when q is divided by 5 + j - 1/1?
3
Let j(p) = 1 - 4*p + 2*p + 6*p**2 + 1. Calculate the remainder when j(2) is divided by 13.
9
Let f = -87 + 134. Calculate the remainder when f is divided by 24.
23
Let a = -10 - -35. What is the remainder when a is divided by 14?
11
Suppose -26 = -2*h - 4. Suppose w - 2*w = 0. Suppose -h = -t - w*t. What is the remainder when 21 is divided by t?
10
Let u(c) = -c + 2. Suppose -2*h = 2*h - 8. Suppose -2*q + 64 = -n, 91 = -h*q + 5*q - 4*n. What is the remainder when q is divided by u(-7)?
6
What is the remainder when (-273)/(-14) - (-2)/4 is divided by 11?
9
Let j be (2 - 6)/(-1) + 1. Suppose 4*f - 17 = -j. Suppose -f = 2*n - 23. What is the remainder when 29 is divided by n?
9
Suppose 3*p = -p + 76. Suppose -2*z + c = -2*c - 12, 5*c = 3*z - p. Suppose s = -3*d + 20 + 27, -z*d = 3*s - 51. What is the remainder when 28 is divided by d?
13
Suppose -3*m + 39 = -0*c + 2*c, -3*m - 6 = -c. Calculate the remainder when (-2 + 3 - 5)*-11 is divided by c.
14
Let n = 134 + -58. Suppose 4*f = -16 + n. Let o = 65 + -36. Calculate the remainder when o is divided by f.
14
Let m = -2 - 0. Let j = 12 - m. Calculate the remainder when 26 is divided by j.
12
Let q(x) be the third derivative of x**4/12 - x**3 + x**2. Calculate the remainder when 17 is divided by q(6).
5
Let t = -23 - -34. Let n(h) = -h**3 - 6*h**2 - 6*h - 15. Calculate the remainder when n(-6) is divided by t.
10
Calculate the remainder when 269/4 - ((-33)/12 - -3) is divided by 24.
19
Let y = -5 + 11. Calculate the remainder when 1/(-1) + y + -3 is divided by 2.
0
Let q(s) = 2*s**2 + 2 - 3*s - 2*s - 1. What is the remainder when q(4) is divided by 5?
3
Let s(i) = i + 865. Let f be s(0). Calculate the remainder when (3/6)/((-1)/(-50)) is divided by f/95 - (-4)/(-38).
7
Suppose 0 = 2*b - 6*b + 20. Let s = -2 + b. Calculate the remainder when s is divided by 2.
1
Let h(a) = -a**2 + 4*a. Let g(r) = -3*r**2 + 11*r. Let v(i) = -6*g(i) + 17*h(i). What is the remainder when v(-7) is divided by 9?
8
Suppose 0*b - b = 6. Let f(i) = i**2 + 5*i - 3. Calculate the remainder when 6 is divided by f(b).
0
Let r(o) = -o**3 - o**2 - o. Let m be r(0). Suppose -2*c + 1 + 3 = m. What is the remainder when 2 is divided by c?
0
Let m = 0 - -3. Calculate the remainder when 5 is divided by m.
2
Let u(d) = 9*d + 47. What is the remainder when 16 is divided by u(-4)?
5
Suppose 2*l = -19 + 129. What is the remainder when l is divided by 19?
17
Sup